*r - 2*l - 29 + 71, 0 = -l - n. What is the highest common factor of v and r?
13
Let d be (((-16)/10)/2)/(54/(-1080)). What is the highest common divisor of 1008 and d?
16
Let n(r) = -r + 3. Let x be n(-3). Let b be (-4)/x*(-3 + -3). Suppose -b*t - 72 = -y, 4*y - 299 = -0*y + 5*t. Calculate the greatest common divisor of y and 19.
19
Let x = 174 + -56. Let g(w) = -w**3 - 2*w**2 - 5*w - 129. Let p be g(-8). Calculate the highest common divisor of x and p.
59
Let j be 514/8 - (-6)/(-24). What is the greatest common factor of 160 and j?
32
Let q(z) = -11*z - 16. Suppose t + 16 = 5. Let a be q(t). Calculate the highest common factor of 42 and a.
21
Let t be ((-285)/(-6))/5 - 2/4. Let c(q) = -q - 4*q + 2*q**2 + 2*q + 8*q**2. Let l be c(3). What is the greatest common divisor of t and l?
9
Suppose -6 - 10 = -4*r. Suppose 10*c - 5*c = 3*j - 95, 0 = r*j - 3*c - 112. Calculate the highest common divisor of j and 25.
25
Let r(m) = -4*m**3 + 2*m**2 + 6*m + 5. Let y be r(-3). Let v = 243 - y. What is the greatest common divisor of 26 and v?
26
Let s = 416 + -377. Suppose 0 = -8*x + 5*x + 3. Suppose 4*t - s = x. What is the greatest common factor of t and 5?
5
Let z be (-1 - 2)/(12/(-40)) - 2. Let b be 3/(7/2 + -2). Let n be b*1*50/5. Calculate the highest common divisor of z and n.
4
Suppose 0 = -k - 2 - 2, -k - 3268 = -3*u. Calculate the greatest common divisor of 68 and u.
68
Let m = 0 - -4. Suppose -5*o - 20 = 0, m*o = -f + 4*f - 946. Let c = -214 + f. Calculate the greatest common divisor of c and 12.
12
Suppose -5*o + 145 = 3*q, -2*q + 5*o + 170 = 2*q. Suppose -x - q = -2*h, -5*x = 2*h - 21 - 18. Calculate the highest common divisor of 55 and h.
11
Let g = -206 - -286. Calculate the highest common factor of 32 and g.
16
Let w be (-10)/(-4)*318/(21/7). Calculate the greatest common factor of 53 and w.
53
Let v(i) = -i**2 - i. Let t(j) = -j**2 - 7*j - 2. Let w(r) = t(r) - 2*v(r). Let q be w(4). Let h be q/(-9)*-3 + 5. What is the highest common factor of 2 and h?
1
Let r be (-61)/(-3) - ((-1)/(-3) - 0). Let c = 9 - -14. Suppose 0 = -3*q + 173 - c. What is the greatest common factor of r and q?
10
Suppose -105 = -5*j + 3*x, 8*j - 9*j + 19 = -x. What is the highest common factor of j and 400?
8
Let v(i) = 10*i + 6. Let n be v(3). Suppose -3*w = -3*o + n, -4*o - o - 3*w + 52 = 0. What is the highest common divisor of o and 11?
11
Let x be (-60)/(-14) + ((-84)/(-49) - 2). Calculate the highest common divisor of 128 and x.
4
Suppose 4*d + 14*n - 94 = 11*n, -3*d - 5*n + 76 = 0. Calculate the highest common factor of d and 143.
11
Let c be (7/1)/((-4)/(-4)). Suppose -5*b + 2*l + 50 = 0, 4*l + c = -2*b + 3. Calculate the highest common factor of 56 and b.
8
Let n = -9 - -81. Let k = 135 + -111. What is the greatest common divisor of n and k?
24
Suppose -5*x = -5*j + 10, -3*x + 4*x = -4*j + 28. Let l be (65/(-39))/(1/(-18)). What is the greatest common factor of j and l?
6
Let v(z) = 0 - 4*z - 4 + 1 + 8*z. Let u be v(7). Suppose -21*r + u*r - 220 = 0. Calculate the greatest common factor of r and 22.
11
Suppose 3*k + 88 = 5*k. Let m = -6 + k. What is the greatest common factor of m and 190?
38
Suppose -10*i - 10290 = -31*i. Calculate the highest common factor of i and 280.
70
Let r be 16/7 - 4/14. Let w be (-7)/((-28)/(-8)) + r. Suppose 2*h = -4*u + h + 21, 2*h - 10 = w. Calculate the highest common divisor of u and 44.
4
Let z = -195 - -255. Let k be ((-2)/4)/(3/(-72)). Calculate the highest common factor of k and z.
12
Let r(n) = -37*n**3 + n**2 - n + 1. Let u be r(1). Let c be 4/u*-3 - 71/(-3). Calculate the greatest common divisor of 16 and c.
8
Let d be 22/14 + 12/28 + 1. Suppose -g - 2*g + 75 = -4*n, d*g + 4*n = 51. Let s be 12 + (-2 + 4 - 0). Calculate the greatest common factor of g and s.
7
Let t = 38 - 2. Let j(y) = y - 1. Let m(s) = 11*s - 7. Let w(g) = -6*j(g) + m(g). Let x be w(1). What is the highest common divisor of t and x?
4
Let l(h) = h**2 - 10*h - 10. Let d be l(11). Calculate the greatest common factor of d and 32.
1
Let d = 213 - 180. Calculate the highest common divisor of 363 and d.
33
Let i be (-348)/464 - 51/(-4). Suppose -6*q + q = -540. Calculate the greatest common divisor of i and q.
12
Let j = -507 - -1172. Calculate the greatest common factor of 285 and j.
95
Suppose -y + 5*u = -274, 20*y - 879 = 17*y - 4*u. Calculate the highest common divisor of 34 and y.
17
Let x = -226 - -410. Calculate the greatest common factor of x and 23.
23
Let p(n) = -n. Let y(r) = -9*r - 66. Let w(l) = 6*p(l) - y(l). Let o be w(0). What is the highest common divisor of o and 6?
6
Suppose -6*p + 10*p - 268 = 0. Let w = 75 - p. Calculate the highest common factor of 1 and w.
1
Let o be 6/(-27) - 16/(-72). Suppose -3*k + 438 - 39 = o. Calculate the highest common factor of k and 19.
19
Let a(r) = r**2 - r. Let y be a(3). Suppose -y*d + 435 + 177 = 0. What is the greatest common divisor of 68 and d?
34
Let g be ((-264)/(-220))/((-11)/(-10) - 1). Calculate the highest common factor of g and 6.
6
Let g(q) = -5*q**3 + q**2 - 1. Let i be g(-1). Suppose 130 = i*m + l, -m + 4 + 1 = -4*l. What is the greatest common factor of 200 and m?
25
Let s be -1 + -1 - (-20)/1. Let q(h) = -h**3 - 5*h**2 - 10*h - 294. Let v be q(-10). Calculate the greatest common divisor of s and v.
18
Let i = -15 + 114. Let v = 143 + i. Let g be 14/21*1 - 64/(-3). Calculate the highest common divisor of v and g.
22
Let l = 1020 + -789. What is the highest common divisor of l and 21?
21
Let y = 207 - 188. What is the highest common factor of 209 and y?
19
Suppose 3*s - 14 - 19 = -3*d, -2*s - 74 = -4*d. Calculate the highest common divisor of 20 and d.
4
Let m = 82 - -38. Suppose 7*s + 23 = 3*p + 8*s, 2*p - 22 = -4*s. Suppose -9*y = -p*y - m. Calculate the greatest common factor of 15 and y.
15
Let r be 8/(3 + 13)*10. What is the highest common factor of r and 80?
5
Let s be 25/(42/(-9) + 5). Calculate the highest common divisor of 30 and s.
15
Let m(h) = h**3 - 7*h**2 + 8*h - 8. Let a be m(6). Suppose -a*y = q + 52, -4*q + q = -2*y - 12. Let o = 8 - y. Calculate the highest common factor of o and 220.
20
Let z(r) = 2*r**3 - 41*r**2 - 19*r - 24. Let k be z(21). What is the greatest common factor of 144 and k?
18
Let q = 4 - 1. Suppose -4*j + 4*m + 10 = 2*m, 0 = q*j + m - 5. Suppose j*r - 86 + 32 = 0. Calculate the highest common factor of 9 and r.
9
Suppose 103 = c + 4*c + 2*q, -3*c = q - 62. Let x(h) = -4*h - 2*h + h**2 + 6*h + 12 - 6*h. Let p be x(3). What is the highest common factor of c and p?
3
Suppose -5*g = -187 - 293. Let k(b) = 0 + 1 - 4 + g*b + 50*b. Let z be k(1). What is the greatest common factor of z and 13?
13
Suppose -3*a + 2*l = -6918, 5*l = -a + 888 + 1401. Calculate the greatest common divisor of 36 and a.
36
Suppose -3*o + 1045 = 8*o. Suppose -5*b = -4*u + o, 5*u + 4*b = -b + 130. What is the greatest common divisor of 25 and u?
25
Let u = 3 + 1. Suppose -66 + 60 = j. Let y be j/30 - (-126)/30. What is the greatest common divisor of u and y?
4
Let f be 0 + (14/(-21))/((-4)/6). Let q = 16 - f. What is the highest common divisor of q and 10?
5
Suppose 3*b = 140 - 8. Suppose 13*f + 0*f - 52 = 0. Calculate the highest common factor of b and f.
4
Let r(z) = -16*z - 110. Let x be r(-7). Let a = -5 + 2. Let w = a + 4. Calculate the highest common divisor of w and x.
1
Suppose -b + 59 = 2*v, -240 = -0*b - 5*b + v. Let h = -21 + b. Calculate the greatest common factor of h and 14.
14
Let b = 11 - 7. Suppose -2*p = -p + b, 5*s - 2*p = 228. Calculate the highest common factor of s and 11.
11
Let k be -1 + 43/4 + (-7)/(-28). Calculate the greatest common factor of 55 and k.
5
Suppose 0*c - 2*q = c - 92, 5*q - 356 = -4*c. Let s(b) = 2*b**2 - b + 1. Let t be s(1). Suppose a = -t + 14. What is the greatest common divisor of c and a?
12
Let t be ((-8)/6)/1*(-15)/10. What is the greatest common divisor of t and 80?
2
Suppose 4*c + r - 17 = 0, 0 = -3*c + 3*r - 2*r + 11. Suppose 2*w + 4*z - 14 = -w, -4*w + 24 = c*z. What is the greatest common factor of 70 and w?
10
Let d = 48 + -8. Suppose -d*t = -38*t - 4. Calculate the greatest common factor of t and 22.
2
Let f be 54*26/(-52)*(-2 - 0). What is the greatest common factor of 1350 and f?
54
Suppose 0 = 5*t - m + 14 + 1, 0 = 5*t - 4*m